{"id":130,"date":"2022-08-18T09:52:31","date_gmt":"2022-08-18T07:52:31","guid":{"rendered":"https:\/\/cardiohub-berlin.de\/home\/?page_id=130"},"modified":"2022-08-18T09:55:07","modified_gmt":"2022-08-18T07:55:07","slug":"funktion","status":"publish","type":"page","link":"https:\/\/cardiohub-berlin.de\/home\/funktion\/","title":{"rendered":"funktion"},"content":{"rendered":"\t\t<div data-elementor-type=\"wp-page\" data-elementor-id=\"130\" class=\"elementor elementor-130\" data-elementor-settings=\"[]\">\n\t\t\t\t\t\t\t<div class=\"elementor-section-wrap\">\n\t\t\t\t\t\t\t<section class=\"elementor-section elementor-top-section elementor-element elementor-element-4efd342 elementor-section-boxed elementor-section-height-default elementor-section-height-default\" data-id=\"4efd342\" data-element_type=\"section\">\n\t\t\t\t\t\t<div class=\"elementor-container elementor-column-gap-default\">\n\t\t\t\t\t<div class=\"elementor-column elementor-col-100 elementor-top-column elementor-element elementor-element-3b2dc10\" data-id=\"3b2dc10\" data-element_type=\"column\">\n\t\t\t<div class=\"elementor-widget-wrap elementor-element-populated\">\n\t\t\t\t\t\t\t\t<div class=\"elementor-element elementor-element-d50f9a2 elementor-widget elementor-widget-spacer\" data-id=\"d50f9a2\" data-element_type=\"widget\" data-widget_type=\"spacer.default\">\n\t\t\t\t<div class=\"elementor-widget-container\">\n\t\t\t\t\t<div class=\"elementor-spacer\">\n\t\t\t<div class=\"elementor-spacer-inner\"><\/div>\n\t\t<\/div>\n\t\t\t\t<\/div>\n\t\t\t\t<\/div>\n\t\t\t\t\t<\/div>\n\t\t<\/div>\n\t\t\t\t\t\t\t<\/div>\n\t\t<\/section>\n\t\t\t\t<section class=\"elementor-section elementor-top-section elementor-element elementor-element-250d839d elementor-section-boxed elementor-section-height-default elementor-section-height-default\" data-id=\"250d839d\" data-element_type=\"section\">\n\t\t\t\t\t\t<div class=\"elementor-container elementor-column-gap-default\">\n\t\t\t\t\t<div class=\"elementor-column elementor-col-100 elementor-top-column elementor-element elementor-element-4ca60d4c\" data-id=\"4ca60d4c\" data-element_type=\"column\">\n\t\t\t<div class=\"elementor-widget-wrap elementor-element-populated\">\n\t\t\t\t\t\t\t\t<div class=\"elementor-element elementor-element-4caac647 elementor-widget elementor-widget-spacer\" data-id=\"4caac647\" data-element_type=\"widget\" data-widget_type=\"spacer.default\">\n\t\t\t\t<div class=\"elementor-widget-container\">\n\t\t\t\t\t<div class=\"elementor-spacer\">\n\t\t\t<div class=\"elementor-spacer-inner\"><\/div>\n\t\t<\/div>\n\t\t\t\t<\/div>\n\t\t\t\t<\/div>\n\t\t\t\t<div class=\"elementor-element elementor-element-3f2146e1 elementor-widget elementor-widget-heading\" data-id=\"3f2146e1\" data-element_type=\"widget\" data-widget_type=\"heading.default\">\n\t\t\t\t<div class=\"elementor-widget-container\">\n\t\t\t<h2 class=\"elementor-heading-title elementor-size-default\">Funktion<\/h2>\t\t<\/div>\n\t\t\t\t<\/div>\n\t\t\t\t\t<\/div>\n\t\t<\/div>\n\t\t\t\t\t\t\t<\/div>\n\t\t<\/section>\n\t\t\t\t<section class=\"elementor-section elementor-top-section elementor-element elementor-element-8b32f9d elementor-section-boxed elementor-section-height-default elementor-section-height-default\" data-id=\"8b32f9d\" data-element_type=\"section\">\n\t\t\t\t\t\t<div class=\"elementor-container elementor-column-gap-default\">\n\t\t\t\t\t<div class=\"elementor-column elementor-col-100 elementor-top-column elementor-element elementor-element-33ef78d\" data-id=\"33ef78d\" data-element_type=\"column\">\n\t\t\t<div class=\"elementor-widget-wrap elementor-element-populated\">\n\t\t\t\t\t\t\t\t<section class=\"elementor-section elementor-inner-section elementor-element elementor-element-9298360 elementor-section-boxed elementor-section-height-default elementor-section-height-default\" data-id=\"9298360\" data-element_type=\"section\">\n\t\t\t\t\t\t<div class=\"elementor-container elementor-column-gap-default\">\n\t\t\t\t\t<div class=\"elementor-column elementor-col-50 elementor-inner-column elementor-element elementor-element-0c5884a\" data-id=\"0c5884a\" data-element_type=\"column\">\n\t\t\t<div class=\"elementor-widget-wrap elementor-element-populated\">\n\t\t\t\t\t\t\t\t<div class=\"elementor-element elementor-element-52589ad elementor-widget elementor-widget-text-editor\" data-id=\"52589ad\" data-element_type=\"widget\" data-widget_type=\"text-editor.default\">\n\t\t\t\t<div class=\"elementor-widget-container\">\n\t\t\t\t\t\t\t<p>F\u00fcr die indikationsbezogene Kommunikation im Bereich der Kardiologie wird das CardioHub Berlin auf die bei der Charit\u00e9 bereits im Einsatz befindliche\u00a0 eHealth-Plattform CGM JESAJANET aufgesetzt. Der gesamte Datenaustausch\u00a0 erfolgt dabei in der sicheren Infrastruktur auf Basis des etablierten Charit\u00e9 \u00c4rzteportals, mit den Vorteilen, dass keine vertraulichen medizinischen Daten \u00fcber unsichere Netzte kommuniziert werden oder medizinische Daten auf Systemen von Drittanbietern gespeichert werden.<\/p>\t\t\t\t\t\t<\/div>\n\t\t\t\t<\/div>\n\t\t\t\t\t<\/div>\n\t\t<\/div>\n\t\t\t\t<div class=\"elementor-column elementor-col-50 elementor-inner-column elementor-element elementor-element-8f1decd\" data-id=\"8f1decd\" data-element_type=\"column\">\n\t\t\t<div class=\"elementor-widget-wrap elementor-element-populated\">\n\t\t\t\t\t\t\t\t<div class=\"elementor-element elementor-element-f04f8fa elementor-widget elementor-widget-text-editor\" data-id=\"f04f8fa\" data-element_type=\"widget\" data-widget_type=\"text-editor.default\">\n\t\t\t\t<div class=\"elementor-widget-container\">\n\t\t\t\t\t\t\t<p>Im Rahmen des CardioHub Berlin Projekts ist erstmalig jede beteiligte Einrichtung in der Lage patientenbezogene Daten bidirektional auszutauschen. Bestehende Insell\u00f6sungen der Behandler in Berlin werden einheitlich vernetzt. Zur Daten\u00fcbertragung sind dabei gleichberechtigt mehrere sichere Wege m\u00f6glich, um s\u00e4mtliche Prozessbeteiligte diskriminierungsfrei teilhaben lassen zu k\u00f6nnen. Damit steht der Weg zur Anbindung von Einrichtungen aus den Quellm\u00e4rkten des Medizintourismus offen.<\/p>\t\t\t\t\t\t<\/div>\n\t\t\t\t<\/div>\n\t\t\t\t\t<\/div>\n\t\t<\/div>\n\t\t\t\t\t\t\t<\/div>\n\t\t<\/section>\n\t\t\t\t\t<\/div>\n\t\t<\/div>\n\t\t\t\t\t\t\t<\/div>\n\t\t<\/section>\n\t\t\t\t<section class=\"elementor-section elementor-top-section elementor-element elementor-element-9112827 elementor-section-boxed elementor-section-height-default elementor-section-height-default\" data-id=\"9112827\" data-element_type=\"section\">\n\t\t\t\t\t\t<div class=\"elementor-container elementor-column-gap-default\">\n\t\t\t\t\t<div class=\"elementor-column elementor-col-100 elementor-top-column elementor-element elementor-element-ee5111f\" data-id=\"ee5111f\" data-element_type=\"column\">\n\t\t\t<div class=\"elementor-widget-wrap elementor-element-populated\">\n\t\t\t\t\t\t\t\t<div class=\"elementor-element elementor-element-975e283 elementor-widget elementor-widget-spacer\" data-id=\"975e283\" data-element_type=\"widget\" data-widget_type=\"spacer.default\">\n\t\t\t\t<div class=\"elementor-widget-container\">\n\t\t\t\t\t<div class=\"elementor-spacer\">\n\t\t\t<div class=\"elementor-spacer-inner\"><\/div>\n\t\t<\/div>\n\t\t\t\t<\/div>\n\t\t\t\t<\/div>\n\t\t\t\t\t<\/div>\n\t\t<\/div>\n\t\t\t\t\t\t\t<\/div>\n\t\t<\/section>\n\t\t\t\t\t\t<\/div>\n\t\t\t\t\t<\/div>\n\t\t","protected":false},"excerpt":{"rendered":"<p>Funktion F\u00fcr die indikationsbezogene Kommunikation im Bereich der Kardiologie wird das CardioHub Berlin auf die bei der Charit\u00e9 bereits im Einsatz befindliche\u00a0 eHealth-Plattform CGM JESAJANET aufgesetzt. Der gesamte Datenaustausch\u00a0 erfolgt dabei in der sicheren Infrastruktur auf Basis des etablierten Charit\u00e9 \u00c4rzteportals, mit den Vorteilen, dass keine vertraulichen medizinischen Daten \u00fcber unsichere Netzte kommuniziert werden oder&hellip; <a class=\"more-link\" href=\"https:\/\/cardiohub-berlin.de\/home\/funktion\/\"><span class=\"screen-reader-text\">funktion<\/span> weiterlesen<\/a><\/p>\n","protected":false},"author":1,"featured_media":0,"parent":0,"menu_order":0,"comment_status":"closed","ping_status":"closed","template":"elementor_header_footer","meta":{"footnotes":""},"class_list":["post-130","page","type-page","status-publish","hentry","entry"],"_links":{"self":[{"href":"https:\/\/cardiohub-berlin.de\/home\/wp-json\/wp\/v2\/pages\/130","targetHints":{"allow":["GET"]}}],"collection":[{"href":"https:\/\/cardiohub-berlin.de\/home\/wp-json\/wp\/v2\/pages"}],"about":[{"href":"https:\/\/cardiohub-berlin.de\/home\/wp-json\/wp\/v2\/types\/page"}],"author":[{"embeddable":true,"href":"https:\/\/cardiohub-berlin.de\/home\/wp-json\/wp\/v2\/users\/1"}],"replies":[{"embeddable":true,"href":"https:\/\/cardiohub-berlin.de\/home\/wp-json\/wp\/v2\/comments?post=130"}],"version-history":[{"count":10,"href":"https:\/\/cardiohub-berlin.de\/home\/wp-json\/wp\/v2\/pages\/130\/revisions"}],"predecessor-version":[{"id":142,"href":"https:\/\/cardiohub-berlin.de\/home\/wp-json\/wp\/v2\/pages\/130\/revisions\/142"}],"wp:attachment":[{"href":"https:\/\/cardiohub-berlin.de\/home\/wp-json\/wp\/v2\/media?parent=130"}],"curies":[{"name":"wp","href":"https:\/\/api.w.org\/{rel}","templated":true}]}}